{"id":136,"date":"2020-04-16T19:36:50","date_gmt":"2020-04-16T17:36:50","guid":{"rendered":"http:\/\/processinformatique.fr\/?page_id=136"},"modified":"2020-04-21T18:35:24","modified_gmt":"2020-04-21T16:35:24","slug":"nos-conseils-securite","status":"publish","type":"page","link":"https:\/\/processinformatique.fr\/index.php\/nos-conseils-securite\/","title":{"rendered":"Nos conseils &#8211; S\u00e9curit\u00e9"},"content":{"rendered":"<h3>S\u00e9curisez vos donn\u00e9es et vos mat\u00e9riels<\/h3>\n<p>Beaucoup d\u2019utilisateurs ne pr\u00eatent pas attention \u00e0 leurs donn\u00e9es et \u00e0 la s\u00e9curit\u00e9 de leurs ordinateurs.<\/p>\n<p><strong>Le premier conseil qu\u2019on puisse donner<\/strong>, c\u2019est vraiment la sauvegarde r\u00e9guli\u00e8re de vos donn\u00e9es, sur un disque dur, en cloud, sur un autre ordinateur, voire un syst\u00e8me de sauvegarde automatis\u00e9 pour les professionnels.<\/p>\n<p>Sachez que vous avez facilement la possibilit\u00e9 de sauvegarder vos donn\u00e9es en ligne gratuitement pour une certaine capacit\u00e9. Les fournisseurs d\u2019acc\u00e8s \u00e0 internet proposent souvent des solutions de stockage gratuit sur leur site.<\/p>\n<p><strong>Le deuxi\u00e8me conseil important<\/strong> est l\u2019installation d\u2019un bon antivirus de qualit\u00e9. Les antivirus propos\u00e9s gratuitement sont d\u00e9conseill\u00e9s car ils n\u2019offrent pas une bonne protection.<\/p>\n<p>Nous conseillons entre autre des produits comme Kaspersky Internet Security ou McAfee Internet Security. Vous avez la possibilit\u00e9 de vous procurer une licence pour plusieurs appareils car le prix est d\u00e9gressif et plus int\u00e9ressant.<\/p>\n<p style=\"text-align: center;\"><img loading=\"lazy\" decoding=\"async\" class=\"alignnone size-medium wp-image-19\" src=\"https:\/\/processinformatique.fr\/wp-content\/uploads\/2020\/04\/anti1-213x300.png\" alt=\"\" width=\"213\" height=\"300\" srcset=\"https:\/\/processinformatique.fr\/wp-content\/uploads\/2020\/04\/anti1-213x300.png 213w, https:\/\/processinformatique.fr\/wp-content\/uploads\/2020\/04\/anti1.png 282w\" sizes=\"auto, (max-width: 213px) 100vw, 213px\" \/> <img loading=\"lazy\" decoding=\"async\" class=\"alignnone size-medium wp-image-20\" src=\"https:\/\/processinformatique.fr\/wp-content\/uploads\/2020\/04\/anti2-300x300.png\" alt=\"\" width=\"300\" height=\"300\" srcset=\"https:\/\/processinformatique.fr\/wp-content\/uploads\/2020\/04\/anti2-300x300.png 300w, https:\/\/processinformatique.fr\/wp-content\/uploads\/2020\/04\/anti2-150x150.png 150w, https:\/\/processinformatique.fr\/wp-content\/uploads\/2020\/04\/anti2.png 390w\" sizes=\"auto, (max-width: 300px) 100vw, 300px\" \/><\/p>\n<p>\u00a0<\/p>\n\n<div\n\t\t\t\n\t\t\tclass=\"so-widget-sow-post-carousel so-widget-sow-post-carousel-base-ad93eedad001\"\n\t\t\t\n\t\t><\/div>\n\n\n<p><\/p>\n","protected":false},"excerpt":{"rendered":"<p>S\u00e9curisez vos donn\u00e9es et vos mat\u00e9riels Beaucoup d\u2019utilisateurs ne pr\u00eatent pas attention \u00e0 leurs donn\u00e9es et \u00e0 la s\u00e9curit\u00e9 de leurs ordinateurs. Le premier conseil qu\u2019on puisse donner, c\u2019est vraiment&hellip;<\/p>\n","protected":false},"author":1,"featured_media":19,"parent":0,"menu_order":0,"comment_status":"closed","ping_status":"closed","template":"","meta":{"footnotes":""},"class_list":["post-136","page","type-page","status-publish","has-post-thumbnail","hentry"],"yoast_head":"<!-- This site is optimized with the Yoast SEO plugin v26.1.1 - https:\/\/yoast.com\/wordpress\/plugins\/seo\/ -->\n<title>Nos conseils - S\u00e9curit\u00e9 - Process informatique - 54400 LONGWY<\/title>\n<meta name=\"description\" content=\"S\u00e9curisez vos donn\u00e9es et vos mat\u00e9riels ! Beaucoup d\u2019utilisateurs ne pr\u00eatent pas attention \u00e0 leurs donn\u00e9es et \u00e0 la s\u00e9curit\u00e9 de leurs ordinateurs. Le premier\" \/>\n<meta name=\"robots\" content=\"index, follow, max-snippet:-1, max-image-preview:large, max-video-preview:-1\" \/>\n<link rel=\"canonical\" href=\"https:\/\/processinformatique.fr\/index.php\/nos-conseils-securite\/\" \/>\n<meta property=\"og:locale\" content=\"fr_FR\" \/>\n<meta property=\"og:type\" content=\"article\" \/>\n<meta property=\"og:title\" content=\"Nos conseils - S\u00e9curit\u00e9 - Process informatique - 54400 LONGWY\" \/>\n<meta property=\"og:description\" content=\"S\u00e9curisez vos donn\u00e9es et vos mat\u00e9riels ! Beaucoup d\u2019utilisateurs ne pr\u00eatent pas attention \u00e0 leurs donn\u00e9es et \u00e0 la s\u00e9curit\u00e9 de leurs ordinateurs. Le premier\" \/>\n<meta property=\"og:url\" content=\"https:\/\/processinformatique.fr\/index.php\/nos-conseils-securite\/\" \/>\n<meta property=\"og:site_name\" content=\"Process informatique\" \/>\n<meta property=\"article:modified_time\" content=\"2020-04-21T16:35:24+00:00\" \/>\n<meta property=\"og:image\" content=\"https:\/\/processinformatique.fr\/wp-content\/uploads\/2020\/04\/anti1.png\" \/>\n\t<meta property=\"og:image:width\" content=\"282\" \/>\n\t<meta property=\"og:image:height\" content=\"398\" \/>\n\t<meta property=\"og:image:type\" content=\"image\/png\" \/>\n<meta name=\"twitter:card\" content=\"summary_large_image\" \/>\n<meta name=\"twitter:label1\" content=\"Dur\u00e9e de lecture estim\u00e9e\" \/>\n\t<meta name=\"twitter:data1\" content=\"1 minute\" \/>\n<script type=\"application\/ld+json\" class=\"yoast-schema-graph\">{\"@context\":\"https:\/\/schema.org\",\"@graph\":[{\"@type\":\"WebPage\",\"@id\":\"https:\/\/processinformatique.fr\/index.php\/nos-conseils-securite\/\",\"url\":\"https:\/\/processinformatique.fr\/index.php\/nos-conseils-securite\/\",\"name\":\"Nos conseils - S\u00e9curit\u00e9 - Process informatique - 54400 LONGWY\",\"isPartOf\":{\"@id\":\"https:\/\/processinformatique.fr\/#website\"},\"primaryImageOfPage\":{\"@id\":\"https:\/\/processinformatique.fr\/index.php\/nos-conseils-securite\/#primaryimage\"},\"image\":{\"@id\":\"https:\/\/processinformatique.fr\/index.php\/nos-conseils-securite\/#primaryimage\"},\"thumbnailUrl\":\"https:\/\/processinformatique.fr\/wp-content\/uploads\/2020\/04\/anti1.png\",\"datePublished\":\"2020-04-16T17:36:50+00:00\",\"dateModified\":\"2020-04-21T16:35:24+00:00\",\"description\":\"S\u00e9curisez vos donn\u00e9es et vos mat\u00e9riels ! Beaucoup d\u2019utilisateurs ne pr\u00eatent pas attention \u00e0 leurs donn\u00e9es et \u00e0 la s\u00e9curit\u00e9 de leurs ordinateurs. Le premier\",\"breadcrumb\":{\"@id\":\"https:\/\/processinformatique.fr\/index.php\/nos-conseils-securite\/#breadcrumb\"},\"inLanguage\":\"fr-FR\",\"potentialAction\":[{\"@type\":\"ReadAction\",\"target\":[\"https:\/\/processinformatique.fr\/index.php\/nos-conseils-securite\/\"]}]},{\"@type\":\"ImageObject\",\"inLanguage\":\"fr-FR\",\"@id\":\"https:\/\/processinformatique.fr\/index.php\/nos-conseils-securite\/#primaryimage\",\"url\":\"https:\/\/processinformatique.fr\/wp-content\/uploads\/2020\/04\/anti1.png\",\"contentUrl\":\"https:\/\/processinformatique.fr\/wp-content\/uploads\/2020\/04\/anti1.png\",\"width\":282,\"height\":398},{\"@type\":\"BreadcrumbList\",\"@id\":\"https:\/\/processinformatique.fr\/index.php\/nos-conseils-securite\/#breadcrumb\",\"itemListElement\":[{\"@type\":\"ListItem\",\"position\":1,\"name\":\"Accueil\",\"item\":\"https:\/\/processinformatique.fr\/\"},{\"@type\":\"ListItem\",\"position\":2,\"name\":\"Nos conseils &#8211; S\u00e9curit\u00e9\"}]},{\"@type\":\"WebSite\",\"@id\":\"https:\/\/processinformatique.fr\/#website\",\"url\":\"https:\/\/processinformatique.fr\/\",\"name\":\"Process informatique\",\"description\":\"\",\"publisher\":{\"@id\":\"https:\/\/processinformatique.fr\/#organization\"},\"potentialAction\":[{\"@type\":\"SearchAction\",\"target\":{\"@type\":\"EntryPoint\",\"urlTemplate\":\"https:\/\/processinformatique.fr\/?s={search_term_string}\"},\"query-input\":{\"@type\":\"PropertyValueSpecification\",\"valueRequired\":true,\"valueName\":\"search_term_string\"}}],\"inLanguage\":\"fr-FR\"},{\"@type\":\"Organization\",\"@id\":\"https:\/\/processinformatique.fr\/#organization\",\"name\":\"Process informatique\",\"url\":\"https:\/\/processinformatique.fr\/\",\"logo\":{\"@type\":\"ImageObject\",\"inLanguage\":\"fr-FR\",\"@id\":\"https:\/\/processinformatique.fr\/#\/schema\/logo\/image\/\",\"url\":\"https:\/\/processinformatique.fr\/wp-content\/uploads\/2020\/04\/ID-Mehdi-copie-2.png\",\"contentUrl\":\"https:\/\/processinformatique.fr\/wp-content\/uploads\/2020\/04\/ID-Mehdi-copie-2.png\",\"width\":326,\"height\":159,\"caption\":\"Process informatique\"},\"image\":{\"@id\":\"https:\/\/processinformatique.fr\/#\/schema\/logo\/image\/\"}}]}<\/script>\n<!-- \/ Yoast SEO plugin. -->","yoast_head_json":{"title":"Nos conseils - S\u00e9curit\u00e9 - Process informatique - 54400 LONGWY","description":"S\u00e9curisez vos donn\u00e9es et vos mat\u00e9riels ! Beaucoup d\u2019utilisateurs ne pr\u00eatent pas attention \u00e0 leurs donn\u00e9es et \u00e0 la s\u00e9curit\u00e9 de leurs ordinateurs. Le premier","robots":{"index":"index","follow":"follow","max-snippet":"max-snippet:-1","max-image-preview":"max-image-preview:large","max-video-preview":"max-video-preview:-1"},"canonical":"https:\/\/processinformatique.fr\/index.php\/nos-conseils-securite\/","og_locale":"fr_FR","og_type":"article","og_title":"Nos conseils - S\u00e9curit\u00e9 - Process informatique - 54400 LONGWY","og_description":"S\u00e9curisez vos donn\u00e9es et vos mat\u00e9riels ! Beaucoup d\u2019utilisateurs ne pr\u00eatent pas attention \u00e0 leurs donn\u00e9es et \u00e0 la s\u00e9curit\u00e9 de leurs ordinateurs. Le premier","og_url":"https:\/\/processinformatique.fr\/index.php\/nos-conseils-securite\/","og_site_name":"Process informatique","article_modified_time":"2020-04-21T16:35:24+00:00","og_image":[{"width":282,"height":398,"url":"https:\/\/processinformatique.fr\/wp-content\/uploads\/2020\/04\/anti1.png","type":"image\/png"}],"twitter_card":"summary_large_image","twitter_misc":{"Dur\u00e9e de lecture estim\u00e9e":"1 minute"},"schema":{"@context":"https:\/\/schema.org","@graph":[{"@type":"WebPage","@id":"https:\/\/processinformatique.fr\/index.php\/nos-conseils-securite\/","url":"https:\/\/processinformatique.fr\/index.php\/nos-conseils-securite\/","name":"Nos conseils - S\u00e9curit\u00e9 - Process informatique - 54400 LONGWY","isPartOf":{"@id":"https:\/\/processinformatique.fr\/#website"},"primaryImageOfPage":{"@id":"https:\/\/processinformatique.fr\/index.php\/nos-conseils-securite\/#primaryimage"},"image":{"@id":"https:\/\/processinformatique.fr\/index.php\/nos-conseils-securite\/#primaryimage"},"thumbnailUrl":"https:\/\/processinformatique.fr\/wp-content\/uploads\/2020\/04\/anti1.png","datePublished":"2020-04-16T17:36:50+00:00","dateModified":"2020-04-21T16:35:24+00:00","description":"S\u00e9curisez vos donn\u00e9es et vos mat\u00e9riels ! Beaucoup d\u2019utilisateurs ne pr\u00eatent pas attention \u00e0 leurs donn\u00e9es et \u00e0 la s\u00e9curit\u00e9 de leurs ordinateurs. Le premier","breadcrumb":{"@id":"https:\/\/processinformatique.fr\/index.php\/nos-conseils-securite\/#breadcrumb"},"inLanguage":"fr-FR","potentialAction":[{"@type":"ReadAction","target":["https:\/\/processinformatique.fr\/index.php\/nos-conseils-securite\/"]}]},{"@type":"ImageObject","inLanguage":"fr-FR","@id":"https:\/\/processinformatique.fr\/index.php\/nos-conseils-securite\/#primaryimage","url":"https:\/\/processinformatique.fr\/wp-content\/uploads\/2020\/04\/anti1.png","contentUrl":"https:\/\/processinformatique.fr\/wp-content\/uploads\/2020\/04\/anti1.png","width":282,"height":398},{"@type":"BreadcrumbList","@id":"https:\/\/processinformatique.fr\/index.php\/nos-conseils-securite\/#breadcrumb","itemListElement":[{"@type":"ListItem","position":1,"name":"Accueil","item":"https:\/\/processinformatique.fr\/"},{"@type":"ListItem","position":2,"name":"Nos conseils &#8211; S\u00e9curit\u00e9"}]},{"@type":"WebSite","@id":"https:\/\/processinformatique.fr\/#website","url":"https:\/\/processinformatique.fr\/","name":"Process informatique","description":"","publisher":{"@id":"https:\/\/processinformatique.fr\/#organization"},"potentialAction":[{"@type":"SearchAction","target":{"@type":"EntryPoint","urlTemplate":"https:\/\/processinformatique.fr\/?s={search_term_string}"},"query-input":{"@type":"PropertyValueSpecification","valueRequired":true,"valueName":"search_term_string"}}],"inLanguage":"fr-FR"},{"@type":"Organization","@id":"https:\/\/processinformatique.fr\/#organization","name":"Process informatique","url":"https:\/\/processinformatique.fr\/","logo":{"@type":"ImageObject","inLanguage":"fr-FR","@id":"https:\/\/processinformatique.fr\/#\/schema\/logo\/image\/","url":"https:\/\/processinformatique.fr\/wp-content\/uploads\/2020\/04\/ID-Mehdi-copie-2.png","contentUrl":"https:\/\/processinformatique.fr\/wp-content\/uploads\/2020\/04\/ID-Mehdi-copie-2.png","width":326,"height":159,"caption":"Process informatique"},"image":{"@id":"https:\/\/processinformatique.fr\/#\/schema\/logo\/image\/"}}]}},"_links":{"self":[{"href":"https:\/\/processinformatique.fr\/index.php\/wp-json\/wp\/v2\/pages\/136","targetHints":{"allow":["GET"]}}],"collection":[{"href":"https:\/\/processinformatique.fr\/index.php\/wp-json\/wp\/v2\/pages"}],"about":[{"href":"https:\/\/processinformatique.fr\/index.php\/wp-json\/wp\/v2\/types\/page"}],"author":[{"embeddable":true,"href":"https:\/\/processinformatique.fr\/index.php\/wp-json\/wp\/v2\/users\/1"}],"replies":[{"embeddable":true,"href":"https:\/\/processinformatique.fr\/index.php\/wp-json\/wp\/v2\/comments?post=136"}],"version-history":[{"count":6,"href":"https:\/\/processinformatique.fr\/index.php\/wp-json\/wp\/v2\/pages\/136\/revisions"}],"predecessor-version":[{"id":160,"href":"https:\/\/processinformatique.fr\/index.php\/wp-json\/wp\/v2\/pages\/136\/revisions\/160"}],"wp:featuredmedia":[{"embeddable":true,"href":"https:\/\/processinformatique.fr\/index.php\/wp-json\/wp\/v2\/media\/19"}],"wp:attachment":[{"href":"https:\/\/processinformatique.fr\/index.php\/wp-json\/wp\/v2\/media?parent=136"}],"curies":[{"name":"wp","href":"https:\/\/api.w.org\/{rel}","templated":true}]}}